{"id":311,"date":"2025-02-24T18:02:43","date_gmt":"2025-02-24T18:02:43","guid":{"rendered":"https:\/\/lasteimedemaa.ee\/?page_id=311"},"modified":"2025-04-11T21:33:37","modified_gmt":"2025-04-11T18:33:37","slug":"vesitattoo","status":"publish","type":"page","link":"https:\/\/lasteimedemaa.ee\/index.php\/vesitattoo\/","title":{"rendered":"Vesitattoo"},"content":{"rendered":"<style>.kb-row-layout-wrap.wp-block-kadence-rowlayout.kb-row-layout-id311_89464e-41{margin-top:-400px;}.kb-row-layout-id311_89464e-41 > .kt-row-column-wrap{align-content:start;}:where(.kb-row-layout-id311_89464e-41 > .kt-row-column-wrap) > .wp-block-kadence-column{justify-content:start;}.kb-row-layout-id311_89464e-41 > .kt-row-column-wrap{column-gap:var(--global-kb-gap-md, 2rem);row-gap:var(--global-kb-gap-md, 2rem);padding-top:575px;padding-bottom:var(--global-kb-spacing-xl, 4rem);grid-template-columns:minmax(0, 1fr);}.kb-row-layout-id311_89464e-41{background-color:rgba(223,170,144,0.34);background-image:url('https:\/\/lasteimedemaa.ee\/wp-content\/uploads\/2025\/02\/vesitattoo.jpg');background-size:cover;background-position:33% 73%;background-attachment:fixed;background-repeat:no-repeat;}.kb-row-layout-id311_89464e-41 > .kt-row-layout-overlay{opacity:0.44;}.kb-row-layout-id311_89464e-41 .kt-row-layout-bottom-sep{height:62px;}.kb-row-layout-id311_89464e-41 .kt-row-layout-bottom-sep svg{width:100%;}.kb-row-layout-id311_89464e-41 .kt-row-layout-bottom-sep svg{fill:#ffffff!important;}@media all and (max-width: 1024px), only screen and (min-device-width: 1024px) and (max-device-width: 1366px) and (-webkit-min-device-pixel-ratio: 2) and (hover: none){.kb-row-layout-id311_89464e-41{background-attachment:scroll;}}@media all and (max-width: 1024px){.kb-row-layout-id311_89464e-41 > .kt-row-column-wrap{grid-template-columns:minmax(0, 1fr);}}@media all and (max-width: 1024px){.kb-row-layout-id311_89464e-41 .kt-row-layout-bottom-sep{height:px;}}@media all and (max-width: 1024px){.kb-row-layout-id311_89464e-41 .kt-row-layout-bottom-sep svg{width:%;}}@media all and (max-width: 767px){.kb-row-layout-id311_89464e-41 > .kt-row-column-wrap{grid-template-columns:minmax(0, 1fr);}.kb-row-layout-id311_89464e-41 .kt-row-layout-bottom-sep{height:px;}.kb-row-layout-id311_89464e-41 .kt-row-layout-bottom-sep svg{width:%;}}<\/style><div class=\"kb-row-layout-wrap kb-row-layout-id311_89464e-41 alignfull kt-row-has-bg kt-jarallax wp-block-kadence-rowlayout\" data-img-position=\"33% 73%\" data-img-size=\"cover\"><div class=\"kt-row-layout-bottom-sep kt-row-sep-type-waves\"><svg viewBox=\"0 0 1000 100\" preserveAspectRatio=\"none\"><path d=\"M1000,40c0,0 -120.077,-38.076 -250,-38c-129.923,0.076 -345.105,78 -500,78c-154.895,0 -250,-30 -250,-30l0,50l1000,0l0,-60Z\" \/><path d=\"M1000,40c0,0 -120.077,-38.076 -250,-38c-129.923,0.076 -345.105,73 -500,73c-154.895,0 -250,-45 -250,-45l0,70l1000,0l0,-60Z\" style=\"opacity: 0.4\" \/><path d=\"M1000,40c0,0 -120.077,-38.076 -250,-38c-129.923,0.076 -345.105,68 -500,68c-154.895,0 -250,-65 -250,-65l0,95l1000,0l0,-60Z\" style=\"opacity: 0.4\" \/><\/svg><\/div><div class=\"kt-row-column-wrap kt-has-1-columns kt-row-layout-equal kt-tab-layout-inherit kt-mobile-layout-row kt-row-valign-top\">\n<style>.kadence-column311_80642e-62 > .kt-inside-inner-col,.kadence-column311_80642e-62 > .kt-inside-inner-col:before{border-top-left-radius:0px;border-top-right-radius:0px;border-bottom-right-radius:0px;border-bottom-left-radius:0px;}.kadence-column311_80642e-62 > .kt-inside-inner-col{column-gap:var(--global-kb-gap-sm, 1rem);}.kadence-column311_80642e-62 > .kt-inside-inner-col{flex-direction:column;}.kadence-column311_80642e-62 > .kt-inside-inner-col > .aligncenter{width:100%;}.kadence-column311_80642e-62 > .kt-inside-inner-col:before{opacity:0.3;}.kadence-column311_80642e-62{position:relative;}@media all and (max-width: 1024px){.kadence-column311_80642e-62 > .kt-inside-inner-col{flex-direction:column;justify-content:center;}}@media all and (max-width: 767px){.kadence-column311_80642e-62 > .kt-inside-inner-col{flex-direction:column;justify-content:center;}}<\/style>\n<div class=\"wp-block-kadence-column kadence-column311_80642e-62\"><div class=\"kt-inside-inner-col\">\n<h1 class=\"wp-block-heading has-theme-palette-9-color has-text-color has-link-color wp-elements-5d04f115a07aa6f9634c4610643383fb\">Vesitattoo<\/h1>\n\n\n<style>.wp-block-kadence-advancedbtn.kt-btns311_e3d137-e7, .site .entry-content .wp-block-kadence-advancedbtn.kt-btns311_e3d137-e7, .wp-block-kadence-advancedbtn.kb-btns311_e3d137-e7, .site .entry-content .wp-block-kadence-advancedbtn.kb-btns311_e3d137-e7{margin-right:930px;}.wp-block-kadence-advancedbtn.kb-btns311_e3d137-e7{padding-right:0px;gap:var(--global-kb-gap-xs, 0.5rem );justify-content:center;align-items:center;}.kt-btns311_e3d137-e7 .kt-button{font-weight:normal;font-style:normal;}.kt-btns311_e3d137-e7 .kt-btn-wrap-0{margin-right:5px;}.wp-block-kadence-advancedbtn.kt-btns311_e3d137-e7 .kt-btn-wrap-0 .kt-button{color:#555555;border-color:#555555;}.wp-block-kadence-advancedbtn.kt-btns311_e3d137-e7 .kt-btn-wrap-0 .kt-button:hover, .wp-block-kadence-advancedbtn.kt-btns311_e3d137-e7 .kt-btn-wrap-0 .kt-button:focus{color:#ffffff;border-color:#444444;}.wp-block-kadence-advancedbtn.kt-btns311_e3d137-e7 .kt-btn-wrap-0 .kt-button::before{display:none;}.wp-block-kadence-advancedbtn.kt-btns311_e3d137-e7 .kt-btn-wrap-0 .kt-button:hover, .wp-block-kadence-advancedbtn.kt-btns311_e3d137-e7 .kt-btn-wrap-0 .kt-button:focus{background:#444444;}@media all and (max-width: 1024px){.wp-block-kadence-advancedbtn.kt-btns311_e3d137-e7, .site .entry-content .wp-block-kadence-advancedbtn.kt-btns311_e3d137-e7, .wp-block-kadence-advancedbtn.kb-btns311_e3d137-e7, .site .entry-content .wp-block-kadence-advancedbtn.kb-btns311_e3d137-e7{margin-right:590px;}}@media all and (max-width: 767px){.wp-block-kadence-advancedbtn.kt-btns311_e3d137-e7, .site .entry-content .wp-block-kadence-advancedbtn.kt-btns311_e3d137-e7, .wp-block-kadence-advancedbtn.kb-btns311_e3d137-e7, .site .entry-content .wp-block-kadence-advancedbtn.kb-btns311_e3d137-e7{margin-right:200px;}}<\/style>\n<div class=\"wp-block-kadence-advancedbtn kb-buttons-wrap kb-btns311_e3d137-e7\"><style>ul.menu .wp-block-kadence-advancedbtn .kb-btn311_e9f162-9e.kb-button{width:initial;}<\/style><a class=\"kb-button kt-button button kb-btn311_e9f162-9e kt-btn-size-standard kt-btn-width-type-auto kb-btn-global-fill  kt-btn-has-text-true kt-btn-has-svg-false  wp-block-kadence-singlebtn\" href=\"mailto:info@lasteimedemaa.ee\"><span class=\"kt-btn-inner-text\">Saada kiri<\/span><\/a><\/div>\n<\/div><\/div>\n\n<\/div><\/div>\n\n<style>.kb-row-layout-id311_16ca78-0b > .kt-row-column-wrap{align-content:start;}:where(.kb-row-layout-id311_16ca78-0b > .kt-row-column-wrap) > .wp-block-kadence-column{justify-content:start;}.kb-row-layout-id311_16ca78-0b > .kt-row-column-wrap{column-gap:var(--global-kb-gap-md, 2rem);row-gap:var(--global-kb-gap-md, 2rem);padding-bottom:var(--global-kb-spacing-sm, 1.5rem);grid-template-columns:minmax(0, 1fr);}.kb-row-layout-id311_16ca78-0b > .kt-row-layout-overlay{opacity:0.30;}@media all and (max-width: 1024px){.kb-row-layout-id311_16ca78-0b > .kt-row-column-wrap{grid-template-columns:minmax(0, 1fr);}}@media all and (max-width: 767px){.kb-row-layout-id311_16ca78-0b > .kt-row-column-wrap{grid-template-columns:minmax(0, 1fr);}}<\/style><div class=\"kb-row-layout-wrap kb-row-layout-id311_16ca78-0b alignnone wp-block-kadence-rowlayout\"><div class=\"kt-row-column-wrap kt-has-1-columns kt-row-layout-equal kt-tab-layout-inherit kt-mobile-layout-row kt-row-valign-top\">\n<style>.kadence-column311_4701e0-7a > .kt-inside-inner-col,.kadence-column311_4701e0-7a > .kt-inside-inner-col:before{border-top-left-radius:0px;border-top-right-radius:0px;border-bottom-right-radius:0px;border-bottom-left-radius:0px;}.kadence-column311_4701e0-7a > .kt-inside-inner-col{column-gap:var(--global-kb-gap-sm, 1rem);}.kadence-column311_4701e0-7a > .kt-inside-inner-col{flex-direction:column;}.kadence-column311_4701e0-7a > .kt-inside-inner-col > .aligncenter{width:100%;}.kadence-column311_4701e0-7a > .kt-inside-inner-col:before{opacity:0.3;}.kadence-column311_4701e0-7a{position:relative;}@media all and (max-width: 1024px){.kadence-column311_4701e0-7a > .kt-inside-inner-col{flex-direction:column;justify-content:center;}}@media all and (max-width: 767px){.kadence-column311_4701e0-7a > .kt-inside-inner-col{flex-direction:column;justify-content:center;}}<\/style>\n<div class=\"wp-block-kadence-column kadence-column311_4701e0-7a\"><div class=\"kt-inside-inner-col\"><style>.wp-block-kadence-advancedheading.kt-adv-heading311_687a24-e4, .wp-block-kadence-advancedheading.kt-adv-heading311_687a24-e4[data-kb-block=\"kb-adv-heading311_687a24-e4\"]{font-style:normal;}.wp-block-kadence-advancedheading.kt-adv-heading311_687a24-e4 mark.kt-highlight, .wp-block-kadence-advancedheading.kt-adv-heading311_687a24-e4[data-kb-block=\"kb-adv-heading311_687a24-e4\"] mark.kt-highlight{font-style:normal;color:#f76a0c;-webkit-box-decoration-break:clone;box-decoration-break:clone;padding-top:0px;padding-right:0px;padding-bottom:0px;padding-left:0px;}.wp-block-kadence-advancedheading.kt-adv-heading311_687a24-e4 img.kb-inline-image, .wp-block-kadence-advancedheading.kt-adv-heading311_687a24-e4[data-kb-block=\"kb-adv-heading311_687a24-e4\"] img.kb-inline-image{width:150px;vertical-align:baseline;}<\/style>\n<h2 class=\"kt-adv-heading311_687a24-e4 wp-block-kadence-advancedheading\" data-kb-block=\"kb-adv-heading311_687a24-e4\">Vesitattoo lastele \u2013 S\u00e4ra ja Pidu, Mis Kestab P\u00e4evi!<\/h2>\n\n\n\n<p>Tere tulemast Laste Imedemaale, kus iga pidu on t\u00e4is s\u00e4ra ja l\u00f5bu! Vesitattood on l\u00f5bus ja v\u00fcrtsikas lisand igale lastepeole! See teenus sobib suurep\u00e4raselt ka lastemeigi v\u00f5i -soenguteenusega, lisades lastele p\u00f5nevust ja elevust. K\u00f5ik lapsed saavad valida endale ajutise t\u00e4toveeringu, mis neile k\u00f5ige rohkem meeldib. Meil on lai valik vesitattoosid, mis sobivad nii poistele kui t\u00fcdrukutele \u2013 iga\u00fcks leiab midagi oma maitse j\u00e4rgi.<\/p>\n\n\n\n<h3 class=\"wp-block-heading\">Mis on Vesitattoo?<\/h3>\n\n\n\n<p>Vesitattoo ehk ajutine t\u00e4toveering on spetsiaalne kleebis, mille abil saab laps kogeda t\u00e4toveeringu efekti, kuid ohutult ja ajutiselt. Need t\u00e4toveeringud on veekindlad ja s\u00e4delevad, j\u00e4ttes mulje nagu oleks tegemist p\u00e4ris t\u00e4toveeringuga! Meie vesitattood on v\u00e4ga populaarsed laste seas, kuna neid on lihtne peale kanda ja eemaldada \u2013 lihtsalt puhta veega peale kantavad, lastele t\u00e4iesti turvalised ja l\u00f5hnavabad.<\/p>\n\n\n\n<p>Meil on lai valik vesitattood, mille hulgast lapsed saavad valida oma lemmiku \u2013 vikerkaared, printsessid, lilled, kuud, t\u00e4hed ja muud armsad kujundused. Iga laps saab valida erinevaid t\u00e4toveeringuid ja kanda neid ise, oodates vaid 10 sekundit. Kui lapsed tahavad t\u00e4toveeringut muuta, saab seda teha kergesti keha\u00f5li v\u00f5i oliivi\u00f5liga eemaldades. Vesitattoo p\u00fcsib nahal 4-7 p\u00e4eva, pakkudes lastele pikaajalist l\u00f5bu ja enesetunde, nagu oleks neil p\u00e4ris t\u00e4toveering!<\/p>\n\n\n\n<p>Meie vesitattood on valmistatud ohututest, mittetoksilistest ja keskkonnas\u00f5bralikest materjalidest. Seega on need lastele t\u00e4iesti turvalised. Nii saavad lapsed nautida l\u00f5busat t\u00e4toveeringu kogemust ilma muretsemiseta! Aitame luua unustamatu peokogemuse!<\/p>\n\n\n\n<p>Laste Imedemaa vesitattoo teenus sobib ideaalselt teiste meie poolt pakutavate teenustega \u2013 <a href=\"https:\/\/lasteimedemaa.ee\/index.php\/meisterdamine\/\">meisterdamine<\/a>, <a href=\"https:\/\/lasteimedemaa.ee\/index.php\/laste-meik\/\">lastemeik<\/a>, <a href=\"https:\/\/lasteimedemaa.ee\/index.php\/laste-soengu-pidu\/\">soengu tegemine<\/a>, <a href=\"https:\/\/lasteimedemaa.ee\/index.php\/laste-mangud\/\">m\u00e4ngud<\/a>, <a href=\"https:\/\/lasteimedemaa.ee\/index.php\/snakid\/\">sn\u00e4kid<\/a>, <a href=\"https:\/\/lasteimedemaa.ee\/index.php\/minipannkoogipidu\/\">pannkoogipidu<\/a>.<\/p>\n<\/div><\/div>\n\n<\/div><\/div>\n\n<style>.kb-row-layout-id311_b93948-2f > .kt-row-column-wrap{align-content:start;}:where(.kb-row-layout-id311_b93948-2f > .kt-row-column-wrap) > .wp-block-kadence-column{justify-content:start;}.kb-row-layout-id311_b93948-2f > .kt-row-column-wrap{column-gap:var(--global-kb-gap-md, 2rem);row-gap:var(--global-kb-gap-md, 2rem);padding-top:350px;padding-bottom:150px;grid-template-columns:minmax(0, 1fr);}.kb-row-layout-id311_b93948-2f{background-image:url('https:\/\/lasteimedemaa.ee\/wp-content\/uploads\/2025\/02\/vesitattoo.jpg');background-size:cover;background-position:54% 45%;background-attachment:fixed;background-repeat:no-repeat;}.kb-row-layout-id311_b93948-2f > .kt-row-layout-overlay{opacity:0.66;background-image:url('https:\/\/lasteimedemaa.ee\/wp-content\/uploads\/2025\/02\/rose-gold-1a.jpg');background-size:cover;background-position:49% 85%;background-attachment:fixed;background-repeat:no-repeat;mix-blend-mode:luminosity;}.kb-row-layout-id311_b93948-2f .kt-row-layout-top-sep{height:100px;}.kb-row-layout-id311_b93948-2f .kt-row-layout-top-sep svg{width:140%;}.kb-row-layout-id311_b93948-2f .kt-row-layout-top-sep svg{fill:#ffffff!important;}@media all and (max-width: 1024px), only screen and (min-device-width: 1024px) and (max-device-width: 1366px) and (-webkit-min-device-pixel-ratio: 2) and (hover: none){.kb-row-layout-id311_b93948-2f{background-attachment:scroll;}}@media all and (max-width: 1024px), only screen and (min-device-width: 1024px) and (max-device-width: 1366px) and (-webkit-min-device-pixel-ratio: 2) and (hover: none){.kb-row-layout-id311_b93948-2f > .kt-row-layout-overlay{background-attachment:scroll;}}@media all and (max-width: 1024px){.kb-row-layout-id311_b93948-2f > .kt-row-column-wrap{grid-template-columns:minmax(0, 1fr);}}@media all and (max-width: 767px){.kb-row-layout-id311_b93948-2f > .kt-row-column-wrap{padding-top:var(--global-kb-spacing-5xl, 10rem);grid-template-columns:minmax(0, 1fr);}}<\/style><div class=\"kb-row-layout-wrap kb-row-layout-id311_b93948-2f alignfull kt-row-has-bg kt-jarallax wp-block-kadence-rowlayout\" data-img-position=\"54% 45%\" data-img-size=\"cover\"><div class=\"kt-row-layout-overlay kt-row-overlay-normal kt-jarallax\"><\/div><div class=\"kt-row-layout-top-sep kt-row-sep-type-wavesi\"><svg viewBox=\"0 0 1000 100\" preserveAspectRatio=\"none\"><path d=\"M0,40c0,0 120.077,-38.076 250,-38c129.923,0.076 345.105,78 500,78c154.895,0 250,-30 250,-30l0,50l-1000,0l0,-60Z\" \/><path d=\"M0,40c0,0 120.077,-38.076 250,-38c129.923,0.076 345.105,73 500,73c154.895,0 250,-45 250,-45l0,70l-1000,0l0,-60Z\" style=\"opacity: 0.4\" \/><path d=\"M0,40c0,0 120.077,-38.076 250,-38c129.923,0.076 345.105,68 500,68c154.895,0 250,-65 250,-65l0,95l-1000,0l0,-60Z\" style=\"opacity: 0.4\" \/><\/svg><\/div><div class=\"kt-row-column-wrap kt-has-1-columns kt-row-layout-equal kt-tab-layout-inherit kt-mobile-layout-row kt-row-valign-top\">\n<style>.kadence-column311_497cdc-e3 > .kt-inside-inner-col,.kadence-column311_497cdc-e3 > .kt-inside-inner-col:before{border-top-left-radius:0px;border-top-right-radius:0px;border-bottom-right-radius:0px;border-bottom-left-radius:0px;}.kadence-column311_497cdc-e3 > .kt-inside-inner-col{column-gap:var(--global-kb-gap-sm, 1rem);}.kadence-column311_497cdc-e3 > .kt-inside-inner-col{flex-direction:column;}.kadence-column311_497cdc-e3 > .kt-inside-inner-col > .aligncenter{width:100%;}.kadence-column311_497cdc-e3 > .kt-inside-inner-col:before{opacity:0.3;}.kadence-column311_497cdc-e3{position:relative;}@media all and (max-width: 1024px){.kadence-column311_497cdc-e3 > .kt-inside-inner-col{flex-direction:column;justify-content:center;}}@media all and (max-width: 767px){.kadence-column311_497cdc-e3 > .kt-inside-inner-col{flex-direction:column;justify-content:center;}}<\/style>\n<div class=\"wp-block-kadence-column kadence-column311_497cdc-e3\"><div class=\"kt-inside-inner-col\">\n<p><strong>Teenuse hind<\/strong>:<strong> Kuni 10 last\u00a0 30 eurot. Iga j\u00e4rgnev laps 2.50 eurot<\/strong>. Iga laps saab valida \u00fche tattoo.. Vesitattood on hea panna teise toimingu vahel. Vesitattoo teenus on saadaval k\u00f5ikidel Laste Imedemaa pidudel. Pidu toimub peamiselt <a href=\"https:\/\/loovusvilla.wordpress.com\/\">Kuusalu Loovusvillas<\/a>, kuid pakume teenust ka teistes asukohtades Tallinnas ja mujalt.<\/p>\n\n\n\n<p><strong>Kuusalust v\u00e4ljaspool lisandub teenusele kohaletuleku tasu 0,35 senti kilomeeter<\/strong>. <br>K\u00f5iki teenuseid saab omavahel kombineerida, et muuta pidu veelgi meeldej\u00e4\u00e4vamaks. Tutvu ka meie teiste teenustega!<\/p>\n\n\n\n<p>L\u00f5plik hind s\u00f5ltub asukohast, laste arvust, kestvusest ja lisateenuste soovist. <\/p>\n<\/div><\/div>\n\n<\/div><\/div>","protected":false},"excerpt":{"rendered":"<p>Vesitattoo Vesitattoo lastele \u2013 S\u00e4ra ja Pidu, Mis Kestab P\u00e4evi! Tere tulemast Laste Imedemaale, kus iga pidu on t\u00e4is s\u00e4ra ja l\u00f5bu! Vesitattood on l\u00f5bus ja v\u00fcrtsikas lisand igale lastepeole! See teenus sobib suurep\u00e4raselt ka lastemeigi v\u00f5i -soenguteenusega, lisades lastele p\u00f5nevust ja elevust. K\u00f5ik lapsed saavad valida endale ajutise t\u00e4toveeringu, mis neile k\u00f5ige rohkem meeldib&#8230;.<\/p>\n","protected":false},"author":2,"featured_media":0,"parent":0,"menu_order":0,"comment_status":"closed","ping_status":"closed","template":"","meta":{"_kad_post_transparent":"enable","_kad_post_title":"hide","_kad_post_layout":"","_kad_post_sidebar_id":"","_kad_post_content_style":"","_kad_post_vertical_padding":"","_kad_post_feature":"","_kad_post_feature_position":"","_kad_post_header":false,"_kad_post_footer":false,"_kad_post_classname":"","footnotes":""},"class_list":["post-311","page","type-page","status-publish","hentry"],"yoast_head":"<!-- This site is optimized with the Yoast SEO plugin v27.3 - https:\/\/yoast.com\/product\/yoast-seo-wordpress\/ -->\n<title>Vesitattoo - Laste Imedemaa<\/title>\n<meta name=\"description\" content=\"Vesitattood on l\u00f5bus ja v\u00fcrtsikas lisand igale lastepeole, kus k\u00f5ik lapsed saavad valida endale ajutise t\u00e4toveeringu.\" \/>\n<meta name=\"robots\" content=\"index, follow, max-snippet:-1, max-image-preview:large, max-video-preview:-1\" \/>\n<link rel=\"canonical\" href=\"https:\/\/lasteimedemaa.ee\/index.php\/vesitattoo\/\" \/>\n<meta property=\"og:locale\" content=\"et_EE\" \/>\n<meta property=\"og:type\" content=\"article\" \/>\n<meta property=\"og:title\" content=\"Vesitattoo - Laste Imedemaa\" \/>\n<meta property=\"og:description\" content=\"Vesitattood on l\u00f5bus ja v\u00fcrtsikas lisand igale lastepeole, kus k\u00f5ik lapsed saavad valida endale ajutise t\u00e4toveeringu.\" \/>\n<meta property=\"og:url\" content=\"https:\/\/lasteimedemaa.ee\/index.php\/vesitattoo\/\" \/>\n<meta property=\"og:site_name\" content=\"Laste Imedemaa\" \/>\n<meta property=\"article:modified_time\" content=\"2025-04-11T18:33:37+00:00\" \/>\n<meta name=\"twitter:card\" content=\"summary_large_image\" \/>\n<meta name=\"twitter:label1\" content=\"Est. reading time\" \/>\n\t<meta name=\"twitter:data1\" content=\"2 minutit\" \/>\n<script type=\"application\/ld+json\" class=\"yoast-schema-graph\">{\"@context\":\"https:\\\/\\\/schema.org\",\"@graph\":[{\"@type\":\"WebPage\",\"@id\":\"https:\\\/\\\/lasteimedemaa.ee\\\/index.php\\\/vesitattoo\\\/\",\"url\":\"https:\\\/\\\/lasteimedemaa.ee\\\/index.php\\\/vesitattoo\\\/\",\"name\":\"Vesitattoo - Laste Imedemaa\",\"isPartOf\":{\"@id\":\"https:\\\/\\\/lasteimedemaa.ee\\\/#website\"},\"datePublished\":\"2025-02-24T18:02:43+00:00\",\"dateModified\":\"2025-04-11T18:33:37+00:00\",\"description\":\"Vesitattood on l\u00f5bus ja v\u00fcrtsikas lisand igale lastepeole, kus k\u00f5ik lapsed saavad valida endale ajutise t\u00e4toveeringu.\",\"breadcrumb\":{\"@id\":\"https:\\\/\\\/lasteimedemaa.ee\\\/index.php\\\/vesitattoo\\\/#breadcrumb\"},\"inLanguage\":\"et\",\"potentialAction\":[{\"@type\":\"ReadAction\",\"target\":[\"https:\\\/\\\/lasteimedemaa.ee\\\/index.php\\\/vesitattoo\\\/\"]}]},{\"@type\":\"BreadcrumbList\",\"@id\":\"https:\\\/\\\/lasteimedemaa.ee\\\/index.php\\\/vesitattoo\\\/#breadcrumb\",\"itemListElement\":[{\"@type\":\"ListItem\",\"position\":1,\"name\":\"Home\",\"item\":\"https:\\\/\\\/lasteimedemaa.ee\\\/\"},{\"@type\":\"ListItem\",\"position\":2,\"name\":\"Vesitattoo\"}]},{\"@type\":\"WebSite\",\"@id\":\"https:\\\/\\\/lasteimedemaa.ee\\\/#website\",\"url\":\"https:\\\/\\\/lasteimedemaa.ee\\\/\",\"name\":\"Laste Imedemaa\",\"description\":\"Laste peod ja ettev&otilde;tmised\",\"potentialAction\":[{\"@type\":\"SearchAction\",\"target\":{\"@type\":\"EntryPoint\",\"urlTemplate\":\"https:\\\/\\\/lasteimedemaa.ee\\\/?s={search_term_string}\"},\"query-input\":{\"@type\":\"PropertyValueSpecification\",\"valueRequired\":true,\"valueName\":\"search_term_string\"}}],\"inLanguage\":\"et\"}]}<\/script>\n<!-- \/ Yoast SEO plugin. -->","yoast_head_json":{"title":"Vesitattoo - Laste Imedemaa","description":"Vesitattood on l\u00f5bus ja v\u00fcrtsikas lisand igale lastepeole, kus k\u00f5ik lapsed saavad valida endale ajutise t\u00e4toveeringu.","robots":{"index":"index","follow":"follow","max-snippet":"max-snippet:-1","max-image-preview":"max-image-preview:large","max-video-preview":"max-video-preview:-1"},"canonical":"https:\/\/lasteimedemaa.ee\/index.php\/vesitattoo\/","og_locale":"et_EE","og_type":"article","og_title":"Vesitattoo - Laste Imedemaa","og_description":"Vesitattood on l\u00f5bus ja v\u00fcrtsikas lisand igale lastepeole, kus k\u00f5ik lapsed saavad valida endale ajutise t\u00e4toveeringu.","og_url":"https:\/\/lasteimedemaa.ee\/index.php\/vesitattoo\/","og_site_name":"Laste Imedemaa","article_modified_time":"2025-04-11T18:33:37+00:00","twitter_card":"summary_large_image","twitter_misc":{"Est. reading time":"2 minutit"},"schema":{"@context":"https:\/\/schema.org","@graph":[{"@type":"WebPage","@id":"https:\/\/lasteimedemaa.ee\/index.php\/vesitattoo\/","url":"https:\/\/lasteimedemaa.ee\/index.php\/vesitattoo\/","name":"Vesitattoo - Laste Imedemaa","isPartOf":{"@id":"https:\/\/lasteimedemaa.ee\/#website"},"datePublished":"2025-02-24T18:02:43+00:00","dateModified":"2025-04-11T18:33:37+00:00","description":"Vesitattood on l\u00f5bus ja v\u00fcrtsikas lisand igale lastepeole, kus k\u00f5ik lapsed saavad valida endale ajutise t\u00e4toveeringu.","breadcrumb":{"@id":"https:\/\/lasteimedemaa.ee\/index.php\/vesitattoo\/#breadcrumb"},"inLanguage":"et","potentialAction":[{"@type":"ReadAction","target":["https:\/\/lasteimedemaa.ee\/index.php\/vesitattoo\/"]}]},{"@type":"BreadcrumbList","@id":"https:\/\/lasteimedemaa.ee\/index.php\/vesitattoo\/#breadcrumb","itemListElement":[{"@type":"ListItem","position":1,"name":"Home","item":"https:\/\/lasteimedemaa.ee\/"},{"@type":"ListItem","position":2,"name":"Vesitattoo"}]},{"@type":"WebSite","@id":"https:\/\/lasteimedemaa.ee\/#website","url":"https:\/\/lasteimedemaa.ee\/","name":"Laste Imedemaa","description":"Laste peod ja ettev&otilde;tmised","potentialAction":[{"@type":"SearchAction","target":{"@type":"EntryPoint","urlTemplate":"https:\/\/lasteimedemaa.ee\/?s={search_term_string}"},"query-input":{"@type":"PropertyValueSpecification","valueRequired":true,"valueName":"search_term_string"}}],"inLanguage":"et"}]}},"_links":{"self":[{"href":"https:\/\/lasteimedemaa.ee\/index.php\/wp-json\/wp\/v2\/pages\/311","targetHints":{"allow":["GET"]}}],"collection":[{"href":"https:\/\/lasteimedemaa.ee\/index.php\/wp-json\/wp\/v2\/pages"}],"about":[{"href":"https:\/\/lasteimedemaa.ee\/index.php\/wp-json\/wp\/v2\/types\/page"}],"author":[{"embeddable":true,"href":"https:\/\/lasteimedemaa.ee\/index.php\/wp-json\/wp\/v2\/users\/2"}],"replies":[{"embeddable":true,"href":"https:\/\/lasteimedemaa.ee\/index.php\/wp-json\/wp\/v2\/comments?post=311"}],"version-history":[{"count":14,"href":"https:\/\/lasteimedemaa.ee\/index.php\/wp-json\/wp\/v2\/pages\/311\/revisions"}],"predecessor-version":[{"id":981,"href":"https:\/\/lasteimedemaa.ee\/index.php\/wp-json\/wp\/v2\/pages\/311\/revisions\/981"}],"wp:attachment":[{"href":"https:\/\/lasteimedemaa.ee\/index.php\/wp-json\/wp\/v2\/media?parent=311"}],"curies":[{"name":"wp","href":"https:\/\/api.w.org\/{rel}","templated":true}]}}